{"id":31,"date":"2020-04-13T11:18:52","date_gmt":"2020-04-13T11:18:52","guid":{"rendered":"https:\/\/bwell-coach.com\/?page_id=31"},"modified":"2023-04-24T23:15:13","modified_gmt":"2023-04-24T21:15:13","slug":"about","status":"publish","type":"page","link":"https:\/\/bwell-coach.com\/?page_id=31","title":{"rendered":"About"},"content":{"rendered":"\t\t<div data-elementor-type=\"wp-page\" data-elementor-id=\"31\" class=\"elementor elementor-31\">\n\t\t\t\t\t\t\t\t\t<section class=\"elementor-section elementor-top-section elementor-element elementor-element-5131a13e elementor-section-boxed elementor-section-height-default elementor-section-height-default\" data-id=\"5131a13e\" data-element_type=\"section\" data-settings=\"{&quot;background_background&quot;:&quot;classic&quot;}\">\n\t\t\t\t\t\t\t<div class=\"elementor-background-overlay\"><\/div>\n\t\t\t\t\t\t\t<div class=\"elementor-container elementor-column-gap-default\">\n\t\t\t\t\t<div class=\"elementor-column elementor-col-100 elementor-top-column elementor-element elementor-element-1053ca7a\" data-id=\"1053ca7a\" data-element_type=\"column\">\n\t\t\t<div class=\"elementor-widget-wrap elementor-element-populated\">\n\t\t\t\t\t\t\t\t<div class=\"elementor-element elementor-element-3d99e122 elementor-widget elementor-widget-heading\" data-id=\"3d99e122\" data-element_type=\"widget\" data-widget_type=\"heading.default\">\n\t\t\t\t<div class=\"elementor-widget-container\">\n\t\t\t<style>\/*! elementor - v3.12.1 - 02-04-2023 *\/\n.elementor-heading-title{padding:0;margin:0;line-height:1}.elementor-widget-heading .elementor-heading-title[class*=elementor-size-]>a{color:inherit;font-size:inherit;line-height:inherit}.elementor-widget-heading .elementor-heading-title.elementor-size-small{font-size:15px}.elementor-widget-heading .elementor-heading-title.elementor-size-medium{font-size:19px}.elementor-widget-heading .elementor-heading-title.elementor-size-large{font-size:29px}.elementor-widget-heading .elementor-heading-title.elementor-size-xl{font-size:39px}.elementor-widget-heading .elementor-heading-title.elementor-size-xxl{font-size:59px}<\/style><h1 class=\"elementor-heading-title elementor-size-default\">NOTRE SERVICE<\/h1>\t\t<\/div>\n\t\t\t\t<\/div>\n\t\t\t\t\t<\/div>\n\t\t<\/div>\n\t\t\t\t\t\t\t<\/div>\n\t\t<\/section>\n\t\t\t\t<section class=\"elementor-section elementor-top-section elementor-element elementor-element-698e3ec2 elementor-section-content-middle elementor-reverse-mobile elementor-section-boxed elementor-section-height-default elementor-section-height-default\" data-id=\"698e3ec2\" data-element_type=\"section\">\n\t\t\t\t\t\t<div class=\"elementor-container elementor-column-gap-no\">\n\t\t\t\t\t<div class=\"elementor-column elementor-col-50 elementor-top-column elementor-element elementor-element-46f89416\" data-id=\"46f89416\" data-element_type=\"column\">\n\t\t\t<div class=\"elementor-widget-wrap elementor-element-populated\">\n\t\t\t\t\t\t\t\t<div class=\"elementor-element elementor-element-438c1b4e elementor-widget elementor-widget-text-editor\" data-id=\"438c1b4e\" data-element_type=\"widget\" data-widget_type=\"text-editor.default\">\n\t\t\t\t<div class=\"elementor-widget-container\">\n\t\t\t<style>\/*! elementor - v3.12.1 - 02-04-2023 *\/\n.elementor-widget-text-editor.elementor-drop-cap-view-stacked .elementor-drop-cap{background-color:#69727d;color:#fff}.elementor-widget-text-editor.elementor-drop-cap-view-framed .elementor-drop-cap{color:#69727d;border:3px solid;background-color:transparent}.elementor-widget-text-editor:not(.elementor-drop-cap-view-default) .elementor-drop-cap{margin-top:8px}.elementor-widget-text-editor:not(.elementor-drop-cap-view-default) .elementor-drop-cap-letter{width:1em;height:1em}.elementor-widget-text-editor .elementor-drop-cap{float:left;text-align:center;line-height:1;font-size:50px}.elementor-widget-text-editor .elementor-drop-cap-letter{display:inline-block}<\/style>\t\t\t\t<p><span class=\"elementor-heading-title elementor-size-large elementor-inline-editing pen\" contenteditable=\"true\" data-elementor-setting-key=\"title\" data-pen-placeholder=\"\u00c9crivez ici...\">Notre m\u00e9thodologie<\/span><\/p>\t\t\t\t\t\t<\/div>\n\t\t\t\t<\/div>\n\t\t\t\t<div class=\"elementor-element elementor-element-4a51bf4b elementor-widget elementor-widget-heading\" data-id=\"4a51bf4b\" data-element_type=\"widget\" data-widget_type=\"heading.default\">\n\t\t\t\t<div class=\"elementor-widget-container\">\n\t\t\t<p class=\"elementor-heading-title elementor-size-default\"><b>Cultivez le bien-\u00eatre \u00e0 partir du sport et de la nutrition.<\/b><\/p>\t\t<\/div>\n\t\t\t\t<\/div>\n\t\t\t\t<div class=\"elementor-element elementor-element-71afeee4 elementor-widget elementor-widget-text-editor\" data-id=\"71afeee4\" data-element_type=\"widget\" data-widget_type=\"text-editor.default\">\n\t\t\t\t<div class=\"elementor-widget-container\">\n\t\t\t\t\t\t\t<p>\u00c0 partir de notre m\u00e9thodologie de coaching, nous vous aidons \u00e0 analyser vos objectifs de bien-\u00eatre et \u00e0 les atteindre gr\u00e2ce \u00e0 une routine adapt\u00e9e \u00e0 votre situation: nous vous accompagnons \u00e0 travers un programme sur-mesure m\u00ealant sport et nutrition sur 4 semaines.<\/p>\n<p>Mais n\u2019oublions pas, BWell c\u2019est avant tout, vous transmettre un mindset et les cl\u00e9s pour vous sentir mieux au quotidien<\/p>\t\t\t\t\t\t<\/div>\n\t\t\t\t<\/div>\n\t\t\t\t\t<\/div>\n\t\t<\/div>\n\t\t\t\t<div class=\"elementor-column elementor-col-50 elementor-top-column elementor-element elementor-element-52d1bfbd\" data-id=\"52d1bfbd\" data-element_type=\"column\">\n\t\t\t<div class=\"elementor-widget-wrap elementor-element-populated\">\n\t\t\t\t\t\t\t\t<div class=\"elementor-element elementor-element-7b36dbf1 elementor-widget elementor-widget-image\" data-id=\"7b36dbf1\" data-element_type=\"widget\" data-widget_type=\"image.default\">\n\t\t\t\t<div class=\"elementor-widget-container\">\n\t\t\t<style>\/*! elementor - v3.12.1 - 02-04-2023 *\/\n.elementor-widget-image{text-align:center}.elementor-widget-image a{display:inline-block}.elementor-widget-image a img[src$=\".svg\"]{width:48px}.elementor-widget-image img{vertical-align:middle;display:inline-block}<\/style>\t\t\t\t\t\t\t\t\t\t\t\t<img loading=\"lazy\" decoding=\"async\" width=\"1280\" height=\"849\" src=\"https:\/\/bwell-coach.com\/wp-content\/uploads\/2022\/01\/training-rmuscles-back-828741-1.jpg\" class=\"attachment-full size-full wp-image-1515\" alt=\"\" srcset=\"https:\/\/bwell-coach.com\/wp-content\/uploads\/2022\/01\/training-rmuscles-back-828741-1.jpg 1280w, https:\/\/bwell-coach.com\/wp-content\/uploads\/2022\/01\/training-rmuscles-back-828741-1-300x199.jpg 300w, https:\/\/bwell-coach.com\/wp-content\/uploads\/2022\/01\/training-rmuscles-back-828741-1-1024x679.jpg 1024w, https:\/\/bwell-coach.com\/wp-content\/uploads\/2022\/01\/training-rmuscles-back-828741-1-768x509.jpg 768w\" sizes=\"auto, (max-width: 1280px) 100vw, 1280px\" \/>\t\t\t\t\t\t\t\t\t\t\t\t\t\t\t<\/div>\n\t\t\t\t<\/div>\n\t\t\t\t\t<\/div>\n\t\t<\/div>\n\t\t\t\t\t\t\t<\/div>\n\t\t<\/section>\n\t\t\t\t<section class=\"elementor-section elementor-top-section elementor-element elementor-element-ca17a27 elementor-section-boxed elementor-section-height-default elementor-section-height-default\" data-id=\"ca17a27\" data-element_type=\"section\">\n\t\t\t\t\t\t<div class=\"elementor-container elementor-column-gap-default\">\n\t\t\t\t\t<div class=\"elementor-column elementor-col-100 elementor-top-column elementor-element elementor-element-8dff596\" data-id=\"8dff596\" data-element_type=\"column\">\n\t\t\t<div class=\"elementor-widget-wrap elementor-element-populated\">\n\t\t\t\t\t\t\t\t<div class=\"elementor-element elementor-element-3164d8d elementor-widget elementor-widget-image\" data-id=\"3164d8d\" data-element_type=\"widget\" data-widget_type=\"image.default\">\n\t\t\t\t<div class=\"elementor-widget-container\">\n\t\t\t\t\t\t\t\t\t\t\t\t\t\t\t<img loading=\"lazy\" decoding=\"async\" width=\"1024\" height=\"574\" src=\"https:\/\/bwell-coach.com\/wp-content\/uploads\/2022\/01\/IMG_0251-1-1024x574.png\" class=\"attachment-large size-large wp-image-1516\" alt=\"\" srcset=\"https:\/\/bwell-coach.com\/wp-content\/uploads\/2022\/01\/IMG_0251-1-1024x574.png 1024w, https:\/\/bwell-coach.com\/wp-content\/uploads\/2022\/01\/IMG_0251-1-300x168.png 300w, https:\/\/bwell-coach.com\/wp-content\/uploads\/2022\/01\/IMG_0251-1-768x430.png 768w, https:\/\/bwell-coach.com\/wp-content\/uploads\/2022\/01\/IMG_0251-1-1536x861.png 1536w, https:\/\/bwell-coach.com\/wp-content\/uploads\/2022\/01\/IMG_0251-1.png 1920w\" sizes=\"auto, (max-width: 1024px) 100vw, 1024px\" \/>\t\t\t\t\t\t\t\t\t\t\t\t\t\t\t<\/div>\n\t\t\t\t<\/div>\n\t\t\t\t\t<\/div>\n\t\t<\/div>\n\t\t\t\t\t\t\t<\/div>\n\t\t<\/section>\n\t\t\t\t<section class=\"elementor-section elementor-top-section elementor-element elementor-element-6115262 elementor-section-height-min-height elementor-section-boxed elementor-section-height-default elementor-section-items-middle\" data-id=\"6115262\" data-element_type=\"section\" data-settings=\"{&quot;background_background&quot;:&quot;classic&quot;}\">\n\t\t\t\t\t\t<div class=\"elementor-container elementor-column-gap-default\">\n\t\t\t\t\t<div class=\"elementor-column elementor-col-50 elementor-top-column elementor-element elementor-element-4db0dd4\" data-id=\"4db0dd4\" data-element_type=\"column\">\n\t\t\t<div class=\"elementor-widget-wrap elementor-element-populated\">\n\t\t\t\t\t\t\t\t<div class=\"elementor-element elementor-element-a6fc3a4 elementor-widget elementor-widget-image\" data-id=\"a6fc3a4\" data-element_type=\"widget\" data-widget_type=\"image.default\">\n\t\t\t\t<div class=\"elementor-widget-container\">\n\t\t\t\t\t\t\t\t\t\t\t\t\t\t\t<img loading=\"lazy\" decoding=\"async\" width=\"3996\" height=\"6004\" src=\"https:\/\/bwell-coach.com\/wp-content\/uploads\/2023\/04\/23042023-_GAB3630-1.png\" class=\"attachment-full size-full wp-image-1609\" alt=\"\" srcset=\"https:\/\/bwell-coach.com\/wp-content\/uploads\/2023\/04\/23042023-_GAB3630-1.png 3996w, https:\/\/bwell-coach.com\/wp-content\/uploads\/2023\/04\/23042023-_GAB3630-1-200x300.png 200w, https:\/\/bwell-coach.com\/wp-content\/uploads\/2023\/04\/23042023-_GAB3630-1-682x1024.png 682w, https:\/\/bwell-coach.com\/wp-content\/uploads\/2023\/04\/23042023-_GAB3630-1-768x1154.png 768w, https:\/\/bwell-coach.com\/wp-content\/uploads\/2023\/04\/23042023-_GAB3630-1-1022x1536.png 1022w, https:\/\/bwell-coach.com\/wp-content\/uploads\/2023\/04\/23042023-_GAB3630-1-1363x2048.png 1363w\" sizes=\"auto, (max-width: 3996px) 100vw, 3996px\" \/>\t\t\t\t\t\t\t\t\t\t\t\t\t\t\t<\/div>\n\t\t\t\t<\/div>\n\t\t\t\t\t<\/div>\n\t\t<\/div>\n\t\t\t\t<div class=\"elementor-column elementor-col-50 elementor-top-column elementor-element elementor-element-40e89e8\" data-id=\"40e89e8\" data-element_type=\"column\">\n\t\t\t<div class=\"elementor-widget-wrap elementor-element-populated\">\n\t\t\t\t\t\t\t\t<div class=\"elementor-element elementor-element-ba5f1ed elementor-widget elementor-widget-heading\" data-id=\"ba5f1ed\" data-element_type=\"widget\" data-widget_type=\"heading.default\">\n\t\t\t\t<div class=\"elementor-widget-container\">\n\t\t\t<span class=\"elementor-heading-title elementor-size-large\">Votre premi\u00e8re heure de diagnostic, avec le coach Riana<\/span>\t\t<\/div>\n\t\t\t\t<\/div>\n\t\t\t\t<div class=\"elementor-element elementor-element-a49e935 elementor-widget elementor-widget-heading\" data-id=\"a49e935\" data-element_type=\"widget\" data-widget_type=\"heading.default\">\n\t\t\t\t<div class=\"elementor-widget-container\">\n\t\t\t<p class=\"elementor-heading-title elementor-size-medium\">Atteignez vos objectifs de bien-\u00eatre sur-mesure ! Contactez-nous d\u00e8s \u00e0 pr\u00e9sent pour une s\u00e9ance de coaching diagnostic<\/p>\t\t<\/div>\n\t\t\t\t<\/div>\n\t\t\t\t<div class=\"elementor-element elementor-element-3d776af elementor-align-center elementor-widget elementor-widget-button\" data-id=\"3d776af\" data-element_type=\"widget\" data-widget_type=\"button.default\">\n\t\t\t\t<div class=\"elementor-widget-container\">\n\t\t\t\t\t<div class=\"elementor-button-wrapper\">\n\t\t\t<a href=\"mailto:contact@bwell-coach.com?subject=Je%20souhaite%20r\u00e9aliser%20un%20diagnostic%20profil\" class=\"elementor-button-link elementor-button elementor-size-sm\" role=\"button\">\n\t\t\t\t\t\t<span class=\"elementor-button-content-wrapper\">\n\t\t\t\t\t\t<span class=\"elementor-button-text\">Contactez-nous via e-mail<\/span>\n\t\t<\/span>\n\t\t\t\t\t<\/a>\n\t\t<\/div>\n\t\t\t\t<\/div>\n\t\t\t\t<\/div>\n\t\t\t\t\t<\/div>\n\t\t<\/div>\n\t\t\t\t\t\t\t<\/div>\n\t\t<\/section>\n\t\t\t\t\t\t\t<\/div>\n\t\t","protected":false},"excerpt":{"rendered":"<p>NOTRE SERVICE Notre m\u00e9thodologie Cultivez le bien-\u00eatre \u00e0 partir du sport et de la nutrition. \u00c0 partir de notre m\u00e9thodologie de coaching, nous vous aidons \u00e0 analyser vos objectifs de bien-\u00eatre et \u00e0 les atteindre gr\u00e2ce \u00e0 une routine adapt\u00e9e \u00e0 votre situation: nous vous accompagnons \u00e0 travers un programme sur-mesure m\u00ealant sport et nutrition &hellip;<\/p>\n<p class=\"read-more\"> <a class=\"\" href=\"https:\/\/bwell-coach.com\/?page_id=31\"> <span class=\"screen-reader-text\">About<\/span> Lire la suite\u00a0\u00bb<\/a><\/p>\n","protected":false},"author":1,"featured_media":0,"parent":0,"menu_order":0,"comment_status":"closed","ping_status":"closed","template":"","meta":{"site-sidebar-layout":"no-sidebar","site-content-layout":"page-builder","ast-global-header-display":"","ast-main-header-display":"","ast-hfb-above-header-display":"","ast-hfb-below-header-display":"","ast-hfb-mobile-header-display":"","site-post-title":"disabled","ast-breadcrumbs-content":"","ast-featured-img":"","footer-sml-layout":"","theme-transparent-header-meta":"enabled","adv-header-id-meta":"","stick-header-meta":"","header-above-stick-meta":"","header-main-stick-meta":"","header-below-stick-meta":"","footnotes":""},"class_list":["post-31","page","type-page","status-publish","hentry"],"_links":{"self":[{"href":"https:\/\/bwell-coach.com\/index.php?rest_route=\/wp\/v2\/pages\/31","targetHints":{"allow":["GET"]}}],"collection":[{"href":"https:\/\/bwell-coach.com\/index.php?rest_route=\/wp\/v2\/pages"}],"about":[{"href":"https:\/\/bwell-coach.com\/index.php?rest_route=\/wp\/v2\/types\/page"}],"author":[{"embeddable":true,"href":"https:\/\/bwell-coach.com\/index.php?rest_route=\/wp\/v2\/users\/1"}],"replies":[{"embeddable":true,"href":"https:\/\/bwell-coach.com\/index.php?rest_route=%2Fwp%2Fv2%2Fcomments&post=31"}],"version-history":[{"count":36,"href":"https:\/\/bwell-coach.com\/index.php?rest_route=\/wp\/v2\/pages\/31\/revisions"}],"predecessor-version":[{"id":1612,"href":"https:\/\/bwell-coach.com\/index.php?rest_route=\/wp\/v2\/pages\/31\/revisions\/1612"}],"wp:attachment":[{"href":"https:\/\/bwell-coach.com\/index.php?rest_route=%2Fwp%2Fv2%2Fmedia&parent=31"}],"curies":[{"name":"wp","href":"https:\/\/api.w.org\/{rel}","templated":true}]}}