{"id":33,"date":"2020-04-13T11:18:48","date_gmt":"2020-04-13T11:18:48","guid":{"rendered":"https:\/\/bwell-coach.com\/?page_id=33"},"modified":"2023-04-14T10:04:48","modified_gmt":"2023-04-14T08:04:48","slug":"contact","status":"publish","type":"page","link":"https:\/\/bwell-coach.com\/?page_id=33","title":{"rendered":"Contact"},"content":{"rendered":"<style>\/*! elementor - v3.5.3 - 28-12-2021 *\/<br \/>\n.elementor-heading-title{padding:0;margin:0;line-height:1}.elementor-widget-heading .elementor-heading-title[class*=elementor-size-]>a{color:inherit;font-size:inherit;line-height:inherit}.elementor-widget-heading .elementor-heading-title.elementor-size-small{font-size:15px}.elementor-widget-heading .elementor-heading-title.elementor-size-medium{font-size:19px}.elementor-widget-heading .elementor-heading-title.elementor-size-large{font-size:29px}.elementor-widget-heading .elementor-heading-title.elementor-size-xl{font-size:39px}.elementor-widget-heading .elementor-heading-title.elementor-size-xxl{font-size:59px}<\/style>\n<h1>NOTRE BLOG<\/h1>\n<p>Articles tendances<br \/>\n<a href=\"https:\/\/bwell-coach.com\/?p=1348\">BWell ActiveFit, le concept<\/a><br \/>\n<a href=\"https:\/\/bwell-coach.com\/?p=1337\">Salle de sport ou \u00ab&nbsp;\u00e0 la maison&nbsp;\u00bb ?<\/a><br \/>\n<a href=\"https:\/\/bwell-coach.com\/?p=1328\">Calorie et bien-\u00eatre<\/a><br \/>\n<a href=\"https:\/\/bwell-coach.com\/?p=1297\">La reprise sportive<\/a><br \/>\n<img decoding=\"async\" src=\"https:\/\/bwell-coach.com\/wp-content\/uploads\/2022\/01\/illustration-5.png\" alt=\"\" loading=\"lazy\" width=\"460\" height=\"338\"><svg xmlns=\"http:\/\/www.w3.org\/2000\/svg\" viewBox=\"0 0 1000 100\" preserveAspectRatio=\"none\"><path opacity=\"0.33\" d=\"M473,67.3c-203.9,88.3-263.1-34-320.3,0C66,119.1,0,59.7,0,59.7V0h1000v59.7 c0,0-62.1,26.1-94.9,29.3c-32.8,3.3-62.8-12.3-75.8-22.1C806,49.6,745.3,8.7,694.9,4.7S492.4,59,473,67.3z\"><\/path><path opacity=\"0.66\" d=\"M734,67.3c-45.5,0-77.2-23.2-129.1-39.1c-28.6-8.7-150.3-10.1-254,39.1 s-91.7-34.4-149.2,0C115.7,118.3,0,39.8,0,39.8V0h1000v36.5c0,0-28.2-18.5-92.1-18.5C810.2,18.1,775.7,67.3,734,67.3z\"><\/path><path d=\"M766.1,28.9c-200-57.5-266,65.5-395.1,19.5C242,1.8,242,5.4,184.8,20.6C128,35.8,132.3,44.9,89.9,52.5C28.6,63.7,0,0,0,0 h1000c0,0-9.9,40.9-83.6,48.1S829.6,47,766.1,28.9z\"><\/path><\/svg><br \/>\n<a href=\"https:\/\/bwell-coach.com\/?p=1348\" target=\"_blank\" rel=\"noopener\"><\/a><\/p>\n<ul>\n<li><a href=\"https:\/\/bwell-coach.com\/?cat=19\">Sport<\/a><\/li>\n<\/ul>\n<h2>\n\t\t\t<a href=\"https:\/\/bwell-coach.com\/?p=1348\" target=\"_blank\" rel=\"noopener\"><br \/>\nBWell ActiveFit, le concept\t\t\t<\/a><\/h2>\n<p><a href=\"https:\/\/bwell-coach.com\/?author=1\" title=\"Articles par BWell\" rel=\"author\">BWell<\/a><br \/>\n\u2022<br \/>\n13 janvier 2022<br \/>\n\u2022<br \/>\n<a href=\"https:\/\/bwell-coach.com\/?p=1348#respond\">No Comments<\/a><\/p>\n<p>Nous avons tous besoin d&rsquo;un d\u00e9clic, d&rsquo;un point d&rsquo;ancrage ou d&rsquo;une source de motivation dans la pratique sportive.<\/p>\n<p><img decoding=\"async\" src=\"https:\/\/bwell-coach.com\/wp-content\/uploads\/2022\/01\/illustration-4.png\" alt=\"\" loading=\"lazy\" width=\"451\" height=\"339\"><svg xmlns=\"http:\/\/www.w3.org\/2000\/svg\" viewBox=\"0 0 1000 100\" preserveAspectRatio=\"none\"><path opacity=\"0.33\" d=\"M473,67.3c-203.9,88.3-263.1-34-320.3,0C66,119.1,0,59.7,0,59.7V0h1000v59.7 c0,0-62.1,26.1-94.9,29.3c-32.8,3.3-62.8-12.3-75.8-22.1C806,49.6,745.3,8.7,694.9,4.7S492.4,59,473,67.3z\"><\/path><path opacity=\"0.66\" d=\"M734,67.3c-45.5,0-77.2-23.2-129.1-39.1c-28.6-8.7-150.3-10.1-254,39.1 s-91.7-34.4-149.2,0C115.7,118.3,0,39.8,0,39.8V0h1000v36.5c0,0-28.2-18.5-92.1-18.5C810.2,18.1,775.7,67.3,734,67.3z\"><\/path><path d=\"M766.1,28.9c-200-57.5-266,65.5-395.1,19.5C242,1.8,242,5.4,184.8,20.6C128,35.8,132.3,44.9,89.9,52.5C28.6,63.7,0,0,0,0 h1000c0,0-9.9,40.9-83.6,48.1S829.6,47,766.1,28.9z\"><\/path><\/svg><br \/>\n<a href=\"https:\/\/bwell-coach.com\/?p=1337\" target=\"_blank\" rel=\"noopener\"><\/a><\/p>\n<ul>\n<li><a href=\"https:\/\/bwell-coach.com\/?cat=19\">Sport<\/a><\/li>\n<\/ul>\n<h2>\n\t\t\t<a href=\"https:\/\/bwell-coach.com\/?p=1337\" target=\"_blank\" rel=\"noopener\"><br \/>\nSalle de sport ou \u00ab&nbsp;\u00e0 la maison&nbsp;\u00bb ?\t\t\t<\/a><\/h2>\n<p><a href=\"https:\/\/bwell-coach.com\/?author=1\" title=\"Articles par BWell\" rel=\"author\">BWell<\/a><br \/>\n\u2022<br \/>\n13 janvier 2022<br \/>\n\u2022<br \/>\n<a href=\"https:\/\/bwell-coach.com\/?p=1337#respond\">No Comments<\/a><\/p>\n<p>De nombreuses questions vous am\u00e8neront souvent \u00e0 la probl\u00e9matique suivante : Faut-il que je m\u2019inscrive \u00e0 la salle de sport ?<\/p>\n<p><img decoding=\"async\" src=\"https:\/\/bwell-coach.com\/wp-content\/uploads\/2022\/01\/illustration-3.png\" alt=\"\" loading=\"lazy\" width=\"450\" height=\"338\"><svg xmlns=\"http:\/\/www.w3.org\/2000\/svg\" viewBox=\"0 0 1000 100\" preserveAspectRatio=\"none\"><path opacity=\"0.33\" d=\"M473,67.3c-203.9,88.3-263.1-34-320.3,0C66,119.1,0,59.7,0,59.7V0h1000v59.7 c0,0-62.1,26.1-94.9,29.3c-32.8,3.3-62.8-12.3-75.8-22.1C806,49.6,745.3,8.7,694.9,4.7S492.4,59,473,67.3z\"><\/path><path opacity=\"0.66\" d=\"M734,67.3c-45.5,0-77.2-23.2-129.1-39.1c-28.6-8.7-150.3-10.1-254,39.1 s-91.7-34.4-149.2,0C115.7,118.3,0,39.8,0,39.8V0h1000v36.5c0,0-28.2-18.5-92.1-18.5C810.2,18.1,775.7,67.3,734,67.3z\"><\/path><path d=\"M766.1,28.9c-200-57.5-266,65.5-395.1,19.5C242,1.8,242,5.4,184.8,20.6C128,35.8,132.3,44.9,89.9,52.5C28.6,63.7,0,0,0,0 h1000c0,0-9.9,40.9-83.6,48.1S829.6,47,766.1,28.9z\"><\/path><\/svg><br \/>\n<a href=\"https:\/\/bwell-coach.com\/?p=1328\" target=\"_blank\" rel=\"noopener\"><\/a><\/p>\n<ul>\n<li><a href=\"https:\/\/bwell-coach.com\/?cat=20\">Nutrition<\/a><\/li>\n<\/ul>\n<h2>\n\t\t\t<a href=\"https:\/\/bwell-coach.com\/?p=1328\" target=\"_blank\" rel=\"noopener\"><br \/>\nCalorie et bien-\u00eatre\t\t\t<\/a><\/h2>\n<p><a href=\"https:\/\/bwell-coach.com\/?author=1\" title=\"Articles par BWell\" rel=\"author\">BWell<\/a><br \/>\n\u2022<br \/>\n13 janvier 2022<br \/>\n\u2022<br \/>\n<a href=\"https:\/\/bwell-coach.com\/?p=1328#respond\">No Comments<\/a><\/p>\n<p>Une alimentation saine et mesur\u00e9e fait partie du d\u00e9veloppement de notre bien-\u00eatre : ne n\u00e9gligez pas l\u2019impact des calories dans notre corps.<\/p>\n<p><img decoding=\"async\" src=\"https:\/\/bwell-coach.com\/wp-content\/uploads\/2022\/01\/illustration-2.png\" alt=\"\" loading=\"lazy\" width=\"451\" height=\"337\"><svg xmlns=\"http:\/\/www.w3.org\/2000\/svg\" viewBox=\"0 0 1000 100\" preserveAspectRatio=\"none\"><path opacity=\"0.33\" d=\"M473,67.3c-203.9,88.3-263.1-34-320.3,0C66,119.1,0,59.7,0,59.7V0h1000v59.7 c0,0-62.1,26.1-94.9,29.3c-32.8,3.3-62.8-12.3-75.8-22.1C806,49.6,745.3,8.7,694.9,4.7S492.4,59,473,67.3z\"><\/path><path opacity=\"0.66\" d=\"M734,67.3c-45.5,0-77.2-23.2-129.1-39.1c-28.6-8.7-150.3-10.1-254,39.1 s-91.7-34.4-149.2,0C115.7,118.3,0,39.8,0,39.8V0h1000v36.5c0,0-28.2-18.5-92.1-18.5C810.2,18.1,775.7,67.3,734,67.3z\"><\/path><path d=\"M766.1,28.9c-200-57.5-266,65.5-395.1,19.5C242,1.8,242,5.4,184.8,20.6C128,35.8,132.3,44.9,89.9,52.5C28.6,63.7,0,0,0,0 h1000c0,0-9.9,40.9-83.6,48.1S829.6,47,766.1,28.9z\"><\/path><\/svg><br \/>\n<a href=\"https:\/\/bwell-coach.com\/?p=1297\" target=\"_blank\" rel=\"noopener\"><\/a><\/p>\n<ul>\n<li><a href=\"https:\/\/bwell-coach.com\/?cat=19\">Sport<\/a><\/li>\n<\/ul>\n<h2>\n\t\t\t<a href=\"https:\/\/bwell-coach.com\/?p=1297\" target=\"_blank\" rel=\"noopener\"><br \/>\nLa reprise sportive\t\t\t<\/a><\/h2>\n<p><a href=\"https:\/\/bwell-coach.com\/?author=1\" title=\"Articles par BWell\" rel=\"author\">BWell<\/a><br \/>\n\u2022<br \/>\n13 janvier 2022<br \/>\n\u2022<br \/>\n<a href=\"https:\/\/bwell-coach.com\/?p=1297#respond\">No Comments<\/a><\/p>\n<p>Avec le respect de bonnes pratiques et le bon \u00e9tat d\u2019esprit, vous pouvez instaurer un bon \u00e9quilibre de vie alliant sport et nutrition.<\/p>\n","protected":false},"excerpt":{"rendered":"<p>NOTRE BLOG Articles tendances BWell ActiveFit, le concept Salle de sport ou \u00ab&nbsp;\u00e0 la maison&nbsp;\u00bb ? Calorie et bien-\u00eatre La reprise sportive Sport BWell ActiveFit, le concept BWell \u2022 13 janvier 2022 \u2022 No Comments Nous avons tous besoin d&rsquo;un d\u00e9clic, d&rsquo;un point d&rsquo;ancrage ou d&rsquo;une source de motivation dans la pratique sportive. Sport Salle &hellip;<\/p>\n<p class=\"read-more\"> <a class=\"\" href=\"https:\/\/bwell-coach.com\/?page_id=33\"> <span class=\"screen-reader-text\">Contact<\/span> Lire la suite\u00a0\u00bb<\/a><\/p>\n","protected":false},"author":1,"featured_media":0,"parent":0,"menu_order":0,"comment_status":"closed","ping_status":"closed","template":"","meta":{"site-sidebar-layout":"no-sidebar","site-content-layout":"page-builder","ast-global-header-display":"","ast-main-header-display":"","ast-hfb-above-header-display":"","ast-hfb-below-header-display":"","ast-hfb-mobile-header-display":"","site-post-title":"disabled","ast-breadcrumbs-content":"","ast-featured-img":"","footer-sml-layout":"","theme-transparent-header-meta":"enabled","adv-header-id-meta":"","stick-header-meta":"","header-above-stick-meta":"","header-main-stick-meta":"","header-below-stick-meta":"","footnotes":""},"class_list":["post-33","page","type-page","status-publish","hentry"],"_links":{"self":[{"href":"https:\/\/bwell-coach.com\/index.php?rest_route=\/wp\/v2\/pages\/33","targetHints":{"allow":["GET"]}}],"collection":[{"href":"https:\/\/bwell-coach.com\/index.php?rest_route=\/wp\/v2\/pages"}],"about":[{"href":"https:\/\/bwell-coach.com\/index.php?rest_route=\/wp\/v2\/types\/page"}],"author":[{"embeddable":true,"href":"https:\/\/bwell-coach.com\/index.php?rest_route=\/wp\/v2\/users\/1"}],"replies":[{"embeddable":true,"href":"https:\/\/bwell-coach.com\/index.php?rest_route=%2Fwp%2Fv2%2Fcomments&post=33"}],"version-history":[{"count":7,"href":"https:\/\/bwell-coach.com\/index.php?rest_route=\/wp\/v2\/pages\/33\/revisions"}],"predecessor-version":[{"id":1594,"href":"https:\/\/bwell-coach.com\/index.php?rest_route=\/wp\/v2\/pages\/33\/revisions\/1594"}],"wp:attachment":[{"href":"https:\/\/bwell-coach.com\/index.php?rest_route=%2Fwp%2Fv2%2Fmedia&parent=33"}],"curies":[{"name":"wp","href":"https:\/\/api.w.org\/{rel}","templated":true}]}}